{"id":91,"date":"2013-08-11T19:06:15","date_gmt":"2013-08-11T19:06:15","guid":{"rendered":"http:\/\/localhost:8888\/test\/?page_id=520"},"modified":"2024-09-07T17:56:34","modified_gmt":"2024-09-07T16:56:34","slug":"about","status":"publish","type":"page","link":"https:\/\/nekretninesorak.rs\/?page_id=91","title":{"rendered":"O nama"},"content":{"rendered":"\n<p style=\"text-align: center;\"><span style=\"font-size: 250%;\"><strong>PETAR \u0160ORAK<\/strong><\/span><\/p>\n<p style=\"text-align: center;\"><strong>P<\/strong><strong>reduzetnik, vlasnik agencije za posredovanje u prometu i zakupu nepokretnosti NEKRETNINE \u0160ORAK iz Sremske Mitrovice, sa vi\u0161egodi\u0161njim iskustvom u industriji nekretnina na tr\u017ei\u0161tu Srbije.<\/strong><\/p>\n<blockquote>\n<p style=\"text-align: center;\">\u00a0<\/p>\n<\/blockquote>\n<div class=\"row\"  id=\"row-179381311\">\n\n\n\t<div id=\"col-497078293\" class=\"col small-12 large-12\"  >\n\t\t\t\t<div class=\"col-inner text-center\"  >\n\t\t\t\n\t\t\t\n\n\t<div class=\"img has-hover x md-x lg-x y md-y lg-y\" id=\"image_1219169519\">\n\t\t\t\t\t\t\t\t<div class=\"img-inner dark\" >\n\t\t\t<img loading=\"lazy\" decoding=\"async\" width=\"1744\" height=\"2281\" src=\"https:\/\/nekretninesorak.rs\/wp-content\/uploads\/2024\/07\/Clipped_image_20240622_161847.png\" class=\"attachment-original size-original\" alt=\"\" srcset=\"https:\/\/nekretninesorak.rs\/wp-content\/uploads\/2024\/07\/Clipped_image_20240622_161847.png 1744w, https:\/\/nekretninesorak.rs\/wp-content\/uploads\/2024\/07\/Clipped_image_20240622_161847-306x400.png 306w, https:\/\/nekretninesorak.rs\/wp-content\/uploads\/2024\/07\/Clipped_image_20240622_161847-612x800.png 612w, https:\/\/nekretninesorak.rs\/wp-content\/uploads\/2024\/07\/Clipped_image_20240622_161847-768x1004.png 768w, https:\/\/nekretninesorak.rs\/wp-content\/uploads\/2024\/07\/Clipped_image_20240622_161847-1174x1536.png 1174w, https:\/\/nekretninesorak.rs\/wp-content\/uploads\/2024\/07\/Clipped_image_20240622_161847-1566x2048.png 1566w, https:\/\/nekretninesorak.rs\/wp-content\/uploads\/2024\/07\/Clipped_image_20240622_161847-300x392.png 300w, https:\/\/nekretninesorak.rs\/wp-content\/uploads\/2024\/07\/Clipped_image_20240622_161847-600x785.png 600w\" sizes=\"auto, (max-width: 1744px) 100vw, 1744px\" \/>\t\t\t\t\t\t\n\t\t\t\t\t<\/div>\n\t\t\t\t\t\t\t\t\n<style>\n#image_1219169519 {\n  width: 50%;\n}\n<\/style>\n\t<\/div>\n\t\n\n\t<section class=\"section\" id=\"section_622864299\">\n\t\t<div class=\"bg section-bg fill bg-fill  bg-loaded\" >\n\n\t\t\t\n\t\t\t\n\t\t\t\n\n\t\t<\/div>\n\n\t\t\n\n\t\t<div class=\"section-content relative\">\n\t\t\t\n\n\t<div id=\"text-945482206\" class=\"text\">\n\t\t\n\n<p align=\"LEFT\">\u00a0<\/p>\n<p align=\"LEFT\">Cilj agencije je pru\u017eiti kvalitetnu uslugu , kao i objediniti re\u0161avanje celokupne problematike koja nastaje kod kupovine i prodaje nekretnina, te na taj na\u010din klijentima \u0161to\u00a0vi\u0161e olak\u0161ati i ubrzati sam \u010din kupoprodaje. Prodavci od nas mogu o\u010dekivati kvalitetnu prezentaciju svojih nekretnina potencijalnim kupcima, efikasnost, pouzdanost i ozbiljnost. Kupcima, s druge strane nudimo visok nivo profesionalizma i susretljivosti.<\/p>\n<div id=\"attachment_21439\" class=\"wp-caption alignright\">\n<p id=\"caption-attachment-21439\" class=\"wp-caption-text\">\u00a0<\/p>\n<\/div>\n<p align=\"LEFT\">Jedan od najva\u017enijih zadataka na\u0161e agencije je za\u0161tita fizi\u010dkih i pravnih lica kao klijenata od mogu\u0107ih zloupotreba od strane fizi\u010dkih lica i posrednika koji suprotno dru\u0161tvenim normama i principima i pravilima struke obavljaju ovu delatnost.<\/p>\n<p align=\"LEFT\">Otvoreni smo za komunikaciju, prihvatanje zdravih ideja, inicijativa i predloga, a sve u cilju postizanja zajedni\u010dkih interesa.<\/p>\n<p align=\"LEFT\">Agencija za posredovanje u prometu i zakupu nepokretnosti NEKRETNINE \u0160ORAK upisana u Registar posrednika Ministarstva trgovine, turizma i telekomunikacija pod rednim brojem 851.<\/p>\n<p style=\"text-align: center;\" align=\"LEFT\"><strong><em>Uspeh dolazi kada svoje poslovne karte izvla\u010dite, ne iz ruke ambicije i interesa ve\u0107 iz srca, strasti i \u010diste ljubavi&#8230;<\/em><\/strong><\/p>\n\t\t\n<style>\n#text-945482206 {\n  text-align: center;\n}\n<\/style>\n\t<\/div>\n\t\n<div class=\"row row-full-width\"  id=\"row-2138935769\">\n\n\n\t<div id=\"col-1515226080\" class=\"col small-12 large-12\"  >\n\t\t\t\t<div class=\"col-inner\"  >\n\t\t\t\n\t\t\t\n\n<p style=\"text-align: center;\"><strong>NEKRETNINE \u0160ORAK<\/strong><\/p>\n<p class=\"widget_contact_addr\" style=\"text-align: center;\">Srbija, Sremska Mitrovica, \u0160e\u0107er sokak 26\/ A\/ 4<\/p>\n<p class=\"widget_contact_phone\" style=\"text-align: center;\"><i class=\"fa fa-phone\"><\/i><a href=\"tel:065%2F8618-999\">065\/8618-999<\/a><i class=\"fa fa-print\"><\/i><\/p>\n<p class=\"widget_contact_email\" style=\"text-align: center;\"><i class=\"fa fa-envelope-o\"><\/i><a href=\"mailto:nekretninesorak@gmail.com\">nekretninesorak@gmail.com<\/a><\/p>\n\n\t\t<\/div>\n\t\t\t\t\t<\/div>\n\n\t\n\n<\/div>\n\n\t\t<\/div>\n\n\t\t\n<style>\n#section_622864299 {\n  padding-top: 30px;\n  padding-bottom: 30px;\n}\n<\/style>\n\t<\/section>\n\t\n\n\t\t<\/div>\n\t\t\t\t\t<\/div>\n\n\t\n\n<\/div>\n\n","protected":false},"excerpt":{"rendered":"","protected":false},"author":1,"featured_media":17,"parent":0,"menu_order":0,"comment_status":"closed","ping_status":"closed","template":"page-blank.php","meta":{"footnotes":""},"class_list":["post-91","page","type-page","status-publish","has-post-thumbnail","hentry"],"_links":{"self":[{"href":"https:\/\/nekretninesorak.rs\/index.php?rest_route=\/wp\/v2\/pages\/91","targetHints":{"allow":["GET"]}}],"collection":[{"href":"https:\/\/nekretninesorak.rs\/index.php?rest_route=\/wp\/v2\/pages"}],"about":[{"href":"https:\/\/nekretninesorak.rs\/index.php?rest_route=\/wp\/v2\/types\/page"}],"author":[{"embeddable":true,"href":"https:\/\/nekretninesorak.rs\/index.php?rest_route=\/wp\/v2\/users\/1"}],"replies":[{"embeddable":true,"href":"https:\/\/nekretninesorak.rs\/index.php?rest_route=%2Fwp%2Fv2%2Fcomments&post=91"}],"version-history":[{"count":36,"href":"https:\/\/nekretninesorak.rs\/index.php?rest_route=\/wp\/v2\/pages\/91\/revisions"}],"predecessor-version":[{"id":3308,"href":"https:\/\/nekretninesorak.rs\/index.php?rest_route=\/wp\/v2\/pages\/91\/revisions\/3308"}],"wp:featuredmedia":[{"embeddable":true,"href":"https:\/\/nekretninesorak.rs\/index.php?rest_route=\/wp\/v2\/media\/17"}],"wp:attachment":[{"href":"https:\/\/nekretninesorak.rs\/index.php?rest_route=%2Fwp%2Fv2%2Fmedia&parent=91"}],"curies":[{"name":"wp","href":"https:\/\/api.w.org\/{rel}","templated":true}]}}